 the units digit of v?
4
Let f(u) = -1 - u - 5 + 2*u. What is the units digit of f(7)?
1
Suppose -2*d - 5*o + 26 = -199, -3*o = 3*d - 315. Suppose d = 2*i + 2*i. What is the tens digit of i?
2
Let d(c) = 6*c - 21*c + 3*c**2 - 2 - 4*c**2 + 3. What is the units digit of d(-13)?
7
Suppose -h = 4 - 17. Let l(c) = c - 1. What is the units digit of l(h)?
2
Let d be (-1)/(56/60 + -1). Let j be 0 + 3 - 0 - -2. Suppose 3*y - 7 = c + d, 0 = -5*y + j*c + 40. What is the units digit of y?
7
Let h be (4/(-10))/((-2)/(-20)). What is the tens digit of ((-69)/(-6))/(h/(-8))?
2
Suppose -109 = -i - 2*x, -2*x - 3*x + 421 = 4*i. What is the units digit of i?
9
Let z = 258 - -72. What is the hundreds digit of z?
3
What is the tens digit of 1*9/(-3) - -36?
3
Suppose 3*k = -6, 0 = -0*z + 5*z - 2*k - 474. What is the tens digit of z?
9
Let n = -1 + 3. Suppose x = -n*x + 3. What is the units digit of x?
1
Let u(t) = -t**3 + 6*t**2 - t - 8. Let b be u(6). Suppose 6 = -5*q + 121. Let o = b + q. What is the units digit of o?
9
Let b be (1/(-2))/(9/(-180)). Suppose b = -4*l + 6*l. What is the units digit of l?
5
Let y = 19 - 10. Let t be 12*6/y - 2. Suppose -t + 18 = 2*s. What is the units digit of s?
6
Suppose l + 2 = -0. What is the units digit of ((-4)/l)/8*4?
1
Suppose -5*n = -3*n - 38. Let y = n + -2. What is the units digit of y?
7
Suppose b - 74 = -3*f, b = -2*f - 2*b + 47. Let m = 39 - f. What is the tens digit of m?
1
Let r = -6 - -6. What is the units digit of (5 - (-3 - r)) + 3?
1
Let r(t) = t**3 + 7*t**2 - 11*t - 6. Let i(x) = -x**3 - 3*x**2 + 2*x - 2. Let b be i(-3). What is the tens digit of r(b)?
1
Suppose -2*j = 10, 4*s - 28 = 2*j - 6*j. Suppose -3*g = -5*g + s. What is the units digit of g?
6
Suppose -3*l + 0 - 3 = -3*g, 3*l - 2*g = 0. Suppose 0*k = -k. Suppose -2*w + 4 + l = k. What is the units digit of w?
3
Let c(b) = -8*b + 2*b - b**3 - 6*b**2 + 13*b**2 + 3. Let v be -8*-6*(-2)/(-16). What is the units digit of c(v)?
3
Let i be 4642/55 - 3/(-5). Suppose 6*u - 2*u + 30 = 2*q, 5*q - 5*u - i = 0. What is the units digit of q?
9
Let z(o) = o**2 - 3*o - 1. What is the units digit of z(4)?
3
Suppose -2*r + 35 = a - 6*a, -2*a - 3*r + 5 = 0. Let d = 10 - a. What is the units digit of d?
5
Let u = -19 + 21. Suppose n - u*w - 35 = 0, w = 3*n + 4*w - 78. What is the units digit of n?
9
Suppose 2*q + 2*a = -26, -9 = 3*q - a + 10. Let k = 1 + 8. Let y = k + q. What is the units digit of y?
1
Let b(r) = 3*r**2 - 25*r - 16. What is the units digit of b(12)?
6
Let a(w) = 7*w**3 - 5*w**2 - 9*w + 17. Let x(t) = 3*t**3 - 2*t**2 - 4*t + 8. Let k(f) = 4*a(f) - 9*x(f). What is the units digit of k(3)?
5
Let r = 265 - 189. What is the tens digit of r?
7
Suppose -4*z - 2 = -2*z, 169 = 3*o - 4*z. Suppose 4*d + d - o = 0. What is the units digit of d?
1
Suppose c - 4*c = -2*d + 193, -d - 5*c = -129. What is the hundreds digit of d?
1
Let y(t) = t + 13. Suppose -5 = -2*l + 51. Let m be 6/21 + (-260)/l. What is the units digit of y(m)?
4
Let o(c) = 2*c**2 + c - 2. Let h be o(2). Suppose -5*s = -h - 172. What is the tens digit of s?
3
Let d(o) = -o**2 - 9*o + 14. Let x be d(-10). Suppose 2*u + 5 = -z - x, -u = -3*z + 8. What is the units digit of (u - -14)/(0 - -1)?
9
Let n = 134 - 67. Let r = n - 39. What is the tens digit of r?
2
Suppose 9*q - 2337 + 456 = 0. What is the tens digit of q?
0
Let b(u) = u + 8. Let h be b(-6). Let w(y) = 5*y + 2. What is the units digit of w(h)?
2
Let d = -45 + 78. Suppose y = 4*y - d. What is the units digit of y?
1
Let k(w) = -w**3 - 4*w**2 - 7*w + 6. Let o be k(-6). Suppose -2*d + 3*l = -29, -l - o = -5*d - 3*l. What is the tens digit of d?
2
Let w = -2 + 2. Suppose -2*x - 3*m - 8 = 0, -2*m - 8 + 0 = w. Suppose -5*l - 15 = -5*h, 5*l - x - 15 = -3*h. What is the units digit of h?
4
Let f(c) = 12*c**2 - 2*c + 1. Let x(y) = -y**3 + 4*y**2 + 6*y - 4. Let b be x(5). What is the tens digit of f(b)?
1
Let o(i) = i**3 + 10*i**2 + 10*i - 5. What is the tens digit of o(-7)?
7
Let w be (-45)/30*(-1 + -1). Suppose -5*b = 4*t - 12, 0 = 3*b - b - 4*t + 12. Suppose 4*y - 2 = 2*s, -w*s = -b*y + 2*y - 5. What is the units digit of y?
1
Suppose 0 = u - 3*u + 4. Let g(f) = -2*f + 2. Let a be g(u). Let w(z) = 4*z**2 + z - 2. What is the tens digit of w(a)?
1
Suppose 5*t = 3*q - 103, -2*t + 3*t - 73 = -3*q. What is the tens digit of q?
2
Suppose -4*k = 2*i + 23 - 1, -3*k + 1 = -2*i. What is the units digit of (4/k)/((-3)/27)?
2
Let d = -3 + 3. Let a = 1 - -1. Suppose d*f = a*f - 14. What is the units digit of f?
7
Let h be (1 - (-1)/(-2))*-4. Let m = -1 - h. What is the units digit of ((-1)/(-2))/(m/8)?
4
Let g(w) = 2*w**2 + 12*w - 2. Suppose -6*u - 20 = 34. What is the tens digit of g(u)?
5
What is the units digit of (4/2)/(10/35)?
7
Let f = 4 - -2. Let o be 0/3 - f/(-2). Suppose -o*r + 54 = 3*q, -6*r + 3*r = -4*q - 33. What is the units digit of r?
5
Let d = 28 + 32. What is the tens digit of d?
6
Suppose 0 = 5*h - 111 - 169. What is the tens digit of h?
5
Let i = -18 + 14. What is the units digit of -4*6/i*1?
6
Suppose y - 3 - 2 = -v, 4*y = 4*v + 28. Suppose -4 - y = -p. What is the units digit of p?
0
Let k = -7 - -11. Suppose 0 = -k*a + 3*a - 2. What is the units digit of 3 + 1/((-1)/a)?
5
What is the units digit of (-1)/((-4)/16) + 43?
7
Let d(u) = 11*u**2 + u - 38. What is the units digit of d(-6)?
2
Suppose 3 = -j + 1. Let q be ((-2)/4)/(j/(-4)). What is the units digit of 2/(4 + 2/q)?
1
Let d = 114 - 38. What is the tens digit of d?
7
Let b(k) = -k**3 + 9*k**2 - 8*k + 3. Let j be 3 + 10/6*3. What is the units digit of b(j)?
3
Let y(m) = m**3 + 11*m**2 + 4*m + 24. What is the units digit of y(-10)?
4
What is the tens digit of (-1)/(((-9)/(-3))/(-105))?
3
Suppose -m - 3*j = 4*m - 122, -j + 4 = 0. Let q = 43 - m. What is the units digit of q?
1
What is the tens digit of 1 + 3 - (2 + -14)?
1
Let b(r) = r**2 + r - 1. Let c be b(-2). What is the units digit of c/(-4) - 50/(-40)?
1
Let i(x) = -x**2 - 11*x - 11. Let k(m) = 4*m + 6. Let j be k(-6). Let b be 148/j - (-4)/18. What is the tens digit of i(b)?
1
Suppose n - 2*j - 9 = 0, 3*n = 7*n + j. Let p be (n - 1)*-1 - 0. Suppose 0 = -5*q + 2*u + 2*u + 46, 3*q + 2*u - 10 = p. What is the units digit of q?
6
Let j(n) = n**3 + n**2 - n. Let k be j(0). Suppose k = -5*i - p - 257, -p - 6 = 2*p. What is the units digit of 2/(-5) + i/(-15)?
3
What is the units digit of (-1)/2*-86 + -1?
2
Suppose -4*n - 4 = 0, l + 5 = -4*n + 11. Suppose 0 = -3*s - 2*o + l, s - 12 = -s - 4*o. What is the units digit of (9/6)/(1/s)?
3
Suppose 0 = z, -2*f - 3*z + 4 = -4. Suppose -f*t - 2 = 6. Let p = t - -3. What is the units digit of p?
1
Suppose -4*b + b + 222 = 0. Let g = b + -38. What is the tens digit of g?
3
Suppose 5*o - 341 = 79. What is the tens digit of o?
8
Let g = 2 + 11. Suppose 0 = 2*u - 0*u + 18. Let r = g + u. What is the units digit of r?
4
Let r(y) be the second derivative of 2*y + 9/20*y**5 - 1/6*y**3 + 0 + 1/12*y**4 + 1/2*y**2. What is the tens digit of r(1)?
1
What is the units digit of (16/26)/(-4) + (-268)/(-52)?
5
Suppose 5*w = 6*w. Suppose -5*i = 4*l - 7, w = -3*i - 5*l + l + 1. Suppose z + 10 = 4*k, 5*k - 5*z - 2 = i. What is the units digit of k?
3
Suppose 2*x - 3*x - 4*v + 5 = 0, 4*v = 0. Suppose k + 14 = 4*k - f, x*k - 25 = 2*f. Suppose -l = -k - 1. What is the units digit of l?
4
What is the units digit of (-276)/(-8) - 4/8?
4
Let h(j) = j - 1. Suppose 3*q - 4 - 5 = 0. What is the units digit of h(q)?
2
Let m be ((-45)/6)/(-5)*4. Suppose 4*g - 222 + m = 0. What is the units digit of g?
4
What is the units digit of ((-12)/(-9))/(6/72)?
6
Suppose x - 10 = -g, -7 + 32 = g + 4*x. Suppose -d + 15 = 4*m + 4*d, 2*m + 5*d = g. What is the units digit of m?
5
Let c be (-26)/(-6) - 6/18. Suppose -w + 5*a - 7 = -3*w, -2*w + 6 = c*a. What is the units digit of w?
1
Let h = -4 - -24. Let i = 50 - h. What is the tens digit of i?
3
Suppose -4*m = 3*d - 38 + 6, 0 = 3*d. Suppose -m = 4*r - 2*o - 42, -5*r - o = -39. What is the units digit of r?
8
Let a = -3 + 7. Let z(h) = h**2 + 1 - 4*h - h + a*h - 2*h. What is the tens digit of z(5)?
1
Let f(z) = z**2 + 7*z - 6. Let v be 68/11 - (-2)/(-11). Suppose -5*h + x - v*x - 40 = 0, -5*h + 3*x = 40. What is the units digit of f(h)?
2
What is the units digit of (-857 + 0 + 1)*2/(-4)?
